+ 6*x. Calculate c(5).
1
Let u(o) be the first derivative of o**4/4 + o - 5. Give u(1).
2
Let l(z) be the third derivative of z**6/120 - z**5/60 - z**4/24 - z**3/6 + 56*z**2. Give l(-1).
-2
Suppose 8 = 7*p - 3*p. Let w = 5 - 3. Suppose -w*b = 2 + p. Let z(o) = o + 1. Determine z(b).
-1
Let s(a) = 4*a**2 - 7*a + 2. Let k(x) = 11*x**2 - 21*x + 6. Let n(b) = 3*k(b) - 8*s(b). Determine n(7).
2
Let r be (-5 - -4) + (-2 - -5). Suppose -r*k = -k. Let n(z) be the second derivative of -z**4/12 - z**3/6 - 3*z**2/2 + z. Determine n(k).
-3
Let j(g) = -g**2 + 0*g**2 + 2*g - 8*g + 1 + 10*g. What is j(3)?
4
Let u(a) = a**2 - 7*a. Let z be (-2)/(((-8)/(-7))/(-4)). Give u(z).
0
Suppose -3*o - 7 = 2*b, -2*b = 3*b + 4*o + 14. Let y(q) = 3*q**3 + 3*q**2 + 11*q. Let x(r) = 2*r**3 + 2*r**2 + 7*r. Let g(z) = -8*x(z) + 5*y(z). Determine g(b).
6
Let g(r) = -r**3 - 3*r**2 - r. Suppose 5*w - 13 = -2*a + 5*a, 0 = 4*w - 20. Let k(s) = a - s - 8 - 3. Let t be k(-5). Calculate g(t).
-2
Let w(p) = 6*p**2 + 2*p - 1. Let a be (3/2)/((-1)/(-2)). Let o = -10 - -14. Let d = o - a. Give w(d).
7
Suppose 2*q - 6 = 4*q. Let l(a) = a - 7. Let b(o) = -1. Let y(v) = -6*b(v) + l(v). What is y(q)?
-4
Let r(k) be the first derivative of -k**4/4 + k**3/3 + k**2/2 + 2*k - 6. Calculate r(2).
0
Let h = 13 - 16. Let w(p) = -3*p - 3. Determine w(h).
6
Let u(d) = d. Let g be u(-2). Let c be (-4)/g*(-2)/4. Let w be c/(2 - (2 - -1)). Let f(k) = -k**3 + 2*k**2 - 2*k + 1. Determine f(w).
0
Let g(z) = z + 3. Let x = -12 + 3. Let p = x - -9. Determine g(p).
3
Let m(z) = -z - 2. Suppose -2*g = 2*u - 4*g - 2, g = -3. What is m(u)?
0
Let f(n) = 3*n**2 + 2. Let j(v) = 2*v**2 + 1. Let q(i) = -5*f(i) + 8*j(i). Determine q(4).
14
Let p(z) be the first derivative of -1/3*z**3 + 3*z + 2 - 2*z**2. Let m = -1 + -4. Determine p(m).
-2
Let y(d) = -5*d - 3. Suppose 3*s = 2*u + 46, -1 = s + 5*u + 12. Let f = -9 + s. Suppose -f*h + 2 = 8. Give y(h).
7
Let i = -17 - -18. Let b(v) = -2*v + 1. What is b(i)?
-1
Let p = 252 - 472. Let k be (-2)/9 - p/18. Suppose -k - 8 = 5*m. Let v(i) = -i**3 - 5*i**2 - 6*i - 4. Calculate v(m).
4
Let x(z) = -3*z + 5. Let t be (-1)/2*-4 - -3. What is x(t)?
-10
Let z(n) = n + 2 - 2*n + 0*n. Let j = 0 + -5. Let h = 10 + j. Calculate z(h).
-3
Suppose -j - 2*n = -n + 8, 13 = -j - 2*n. Let f(b) = b + 4. Determine f(j).
1
Suppose -13*m + 11*m = 0. Let g(b) be the second derivative of -b**3/6 + b**2 - b. Give g(m).
2
Suppose -3*i + z + 2 = 0, 0*i + 22 = i + 5*z. Let x(b) = 1 + 4 - 7*b - 9 - b**i. Determine x(-6).
2
Let s(o) = o**3 + 2*o + o**2 - 1 + 0*o**3 - 3 - 5*o**2. Determine s(3).
-7
Let c(o) = -o. Let d be c(-2). Let i = d - -4. Let x be (i/(-9))/((-2)/3). Let k(b) = 7*b**3 + 2*b**2 - b. Calculate k(x).
8
Let i(c) = 6*c**3 + 2 + 6*c**3 + 3*c**2 - c - 13*c**3 + 0*c. Determine i(3).
-1
Let z(f) = -5*f**3 - f - 1. Suppose 0 = -u + 7*u + 6. What is z(u)?
5
Let v(y) = y**2 - 3*y. Let r be v(3). Let m(q) = q + 5. What is m(r)?
5
Let x(h) = -7*h**2 - h - 1. Let z(r) = 6*r**2 + r + 1. Let m(j) = j**2 + 13*j + 16. Let n be m(-11). Let b(c) = n*z(c) - 5*x(c). Determine b(-1).
-1
Let n(d) = 13*d + 3. Let v(w) = -2*w. Let c(a) = 2*n(a) + 14*v(a). Let y(j) = -3*j**2 + 37*j - 40. Let m be y(11). Calculate c(m).
-2
Let i(l) = -10*l**2 + 25*l + 16. Let q(x) = -7*x**2 + 17*x + 11. Let p(g) = -5*i(g) + 7*q(g). Calculate p(7).
4
Suppose 0 = 3*z - 6, 0 = -0*b - 4*b - 3*z + 14. Suppose 5*g = -5*d + 35, b = 5*d + g - 13. Let p(k) = -k**d + 13*k + 14 - 6 - 12*k. What is p(0)?
8
Let f(t) be the third derivative of -t**5/60 - t**3/2 + 9*t**2. Give f(0).
-3
Let a(d) = d**2. Let q be a(2). Let z(n) = 5*n - 5*n**2 + 10*n**2 - 6*n**2 + q. Give z(7).
-10
Suppose 0 = -5*w - 4*i + 10, -i = 5*w + i - 20. Let h(v) = 3*v + 4. Let f(n) = -3 - 4*n + 5*n + 3. Let k(r) = 4*f(r) - h(r). What is k(w)?
2
Let c = 3 - 0. Let x(q) = q + 6 + 2 + 2 - c. Determine x(-5).
2
Let j(v) = v**2 + v + 6. Let k be j(0). Let o be (k/(-2))/(0 + 1). Let d(g) = g + g - g**2 + 2 + 2*g**2. Give d(o).
5
Let u(b) = -b - 13. Let y(w) = -w**2 - 18*w + 52. Let o be y(-21). Calculate u(o).
-2
Suppose -3*i = -5*g - 27, 3*i - 4*i - 8 = 4*g. Let o(u) = 3*u + 1. Let p(x) = -x - 1. Let t(a) = -2*o(a) - 5*p(a). Determine t(i).
-1
Let o(z) = -z**2 - z - 13. Let g(p) = 2*p**2 + p + 14. Let b(r) = -2*g(r) - 3*o(r). Suppose -12 = 6*u - 2*u, -2*q + 2*u = -2. Let y = 2 + q. What is b(y)?
11
Let t = 3 - 1. Let o(k) = -2 + 2*k - t*k**3 + k**3 + 4*k**2 - 2*k**2. Let f be -2*(-4 + 1 + 2). Calculate o(f).
2
Let o(k) = 9*k**3 + 8*k + 7. Let z(s) be the second derivative of 0*s**4 + 3*s**2 + 0 - 2*s + 7/6*s**3 + 2/5*s**5. Let l(b) = -6*o(b) + 7*z(b). What is l(1)?
3
Suppose -3*n = -2*n + 3. Let y(p) be the third derivative of p**4/24 + 2*p**3/3 + p**2. Calculate y(n).
1
Let i(s) = 11*s + 2. Let u(b) = -5*b + 38. Let x be u(8). What is i(x)?
-20
Let b(f) = -22*f**2 + 2 - 4 + 21*f**2. Give b(-2).
-6
Let d(g) be the first derivative of 7 - 1/3*g**3 - 2*g**2 + g. Determine d(-3).
4
Let q(v) be the third derivative of v**6/120 - v**5/20 - 5*v**4/24 + v**3/3 - 13*v**2. What is q(3)?
-13
Let l(z) = 8*z. Let w = -1 - -6. Suppose 4*j + 2 = w*h + 1, -3*h + 2*j + 1 = 0. Give l(h).
8
Suppose f - 1 = -5. Let z(h) = -h - 10. Let c(t) = t + 11. Let m(d) = 3*c(d) + 4*z(d). Calculate m(f).
-3
Let r(b) = -b**2 - 5*b + 11. Let u be r(-7). Let d(a) = a**3 + 3*a**2 + 2*a + 2. Calculate d(u).
-4
Let z(n) be the third derivative of -1/2*n**3 + 5/24*n**4 + 0*n + 2*n**2 + 0. Suppose -5*f = i - 7, -3*f + 2*i = -17 + 5. Determine z(f).
7
Let h(g) = -3*g + 3. Let y(b) = -b**2 + b - 1. Let f(l) = -h(l) - 3*y(l). Let o = -6 - -5. Calculate f(o).
3
Let t(v) = v**2 + 2. Suppose 2*m - 4*g + 8 = -12, 15 = -3*m + 3*g. Suppose m*l = -2*l. Let a be t(l). Let p(q) = q**2 + 2*q - 3. Calculate p(a).
5
Let c = -65 + 70. Let g(r) = r - 1. Suppose -5 = d - 3. Let o(j) = 2. Let w(z) = d*o(z) + 2*g(z). Determine w(c).
4
Let o(b) = -2*b**3 + 8*b**2. Let r(m) = -m**3 + 7*m**2. Let c(g) = -6*o(g) + 7*r(g). Calculate c(1).
6
Let n(t) = 2*t**2 + 1. Let y be n(-1). Let d(a) = 37*a**2 - 19*a**2 + y*a - 19*a**2. Let z(w) = w**3 + 4*w**2 + 4*w + 3. Let h be z(-2). Determine d(h).
0
Suppose -2*v + 4 = -0*v. Let n = v + 0. Let y(q) = 3*q**2 - 2*q - 1. Calculate y(n).
7
Let r = -2 - -4. Let s(h) = 5*h**2 + 3*h**2 - 1 - h**r. Determine s(1).
6
Let s(m) = m**3 - 5*m**2 - 5*m - 6. Let w be (-6)/(-9)*(14 + -2). Suppose w*a - 4*a = 128. Let t be a/5 + (-6)/15. What is s(t)?
0
Let c(s) = 0 + 3 - 3*s - 5*s**2 + 10*s**3 - 11*s**3. Let x = 5 - 3. Let q = -5 + x. Determine c(q).
-6
Let k = -20 - -19. Let h(n) = -12*n**2 + 1. Give h(k).
-11
Let q(t) = 3*t + 3. Let r(j) = -2*j**2 - 4*j - 1. Let g be r(-3). Let m = 4 + g. Let x = -5 - m. What is q(x)?
-3
Let h(l) = -l**3 + 3*l**2 - l + 3. Let g be (-10)/2*3/(-5). Let i be h(g). Let b(r) be the second derivative of r**3/6 + 3*r**2/2 - 3*r. Give b(i).
3
Let z(a) = 3*a + 1. Let d be -1 + 2 + (-4 + 8 - 4). Calculate z(d).
4
Let x(b) be the first derivative of -b**4/4 - 4*b**3/3 - 4*b + 21. Calculate x(-4).
-4
Let p(v) = v**2 + 2*v + 1. Suppose 0 = -0*m + 3*m - 15. Suppose 3*k + 4*u = 10, 0*k = m*k + 3*u - 24. Suppose o + o = -k. Give p(o).
4
Suppose 4*s = 3*s. Let l(j) be the second derivative of j**7/840 + j**6/360 - j**4/12 + j**3/3 - 2*j. Let g(f) be the second derivative of l(f). Give g(s).
-2
Let i(f) = -2*f**2 + 7*f + 3. Let w(r) = -3*r**2 + 7*r + 3. Let q(z) = 4*i(z) - 3*w(z). Give q(-6).
-3
Let b(q) be the third derivative of -q**5/60 - q**4/6 + q**3 + 2*q**2. Suppose -5*o + 0*s = 2*s + 23, s - 6 = o. Give b(o).
1
Let n(o) = -3*o - 3. Suppose -26*p - 10 = -21*p. What is n(p)?
3
Let y(o) = 2*o**2 + 1 - 6*o**2 - 5 + 11 + 24*o. Let l(c) = -c**2 + 6*c + 2. Let t(u) = -9*l(u) + 2*y(u). Determine t(5).
-9
Let n(l) be the first derivative of 2*l - 3/2*l**2 + 3. Determine n(3).
-7
Let y(u) = -u + 4. Let x(i) = 1. Let w(t) = x(t) - y(t). Give w(6).
3
Let x(j) = -4*j**2 + j - 1. Let t(o) = o**3 + 1 + 4*o**3 - 6*o - 4*o**3 + 5*o**2. Suppose 3*k + 22 = 4. Let r be t(k). Give x(r).
-4
Let x(u) = -u**3 + 4*u**2 - 2*u. Suppose y = -2*q - 3*y, 2*y + 8 = 3*q. Let v(a) = 3*a**2 - 2*a + 1. Let s be v(q). Let c = 12 - s. Calculate x(c).
3
Let f(p) = p + 2 + 0*p + 1. Let x(o) = -4*o + 4. Let k(y) = 5*y - 5.